nd 249764.
34
Calculate the greatest common factor of 830 and 165299065.
415
What is the highest common factor of 1520 and 205193540?
380
What is the greatest common divisor of 50420 and 189811132?
10084
What is the greatest common factor of 13711280 and 165?
55
What is the highest common factor of 1155 and 11586855?
105
What is the greatest common divisor of 1208522 and 5159?
7
What is the greatest common divisor of 140 and 53472825?
35
Calculate the greatest common factor of 195185712 and 144.
48
What is the greatest common divisor of 183872675 and 6950?
3475
Calculate the highest common factor of 464203435 and 13108.
3277
Calculate the highest common divisor of 12372 and 93932348.
4124
What is the highest common divisor of 5124 and 11444820?
732
Calculate the greatest common factor of 136960 and 129728.
64
Calculate the highest common divisor of 126 and 4409832.
42
What is the highest common divisor of 290 and 59681942?
58
Calculate the highest common divisor of 132290 and 3205.
5
What is the greatest common divisor of 453795255 and 13275?
2655
What is the greatest common factor of 28999 and 2050291?
617
What is the highest common divisor of 1243435 and 92665?
2155
What is the greatest common divisor of 13545 and 9425385?
1935
What is the greatest common divisor of 898770 and 660?
30
Calculate the greatest common divisor of 121340580 and 20.
20
Calculate the greatest common factor of 7727608 and 4172.
28
Calculate the highest common factor of 1290 and 165175212.
258
Calculate the greatest common factor of 3937854 and 29670.
258
What is the highest common factor of 14150025 and 15?
15
Calculate the greatest common divisor of 2622 and 4561038.
138
What is the greatest common divisor of 13482 and 803082294?
13482
Calculate the greatest common factor of 6354 and 15722973.
3177
Calculate the greatest common divisor of 75 and 84275925.
75
What is the highest common divisor of 5504474 and 6943?
53
Calculate the highest common divisor of 662250 and 3750.
750
What is the highest common divisor of 101386 and 144304?
622
What is the highest common divisor of 1827 and 81071676?
63
Calculate the highest common factor of 15355 and 2797570.
185
What is the greatest common factor of 234098 and 1288142?
134
What is the highest common divisor of 1149577576 and 168?
56
What is the greatest common divisor of 280800 and 3636?
36
Calculate the highest common factor of 3388 and 3105760.
28
What is the highest common factor of 23625 and 3298680?
315
What is the highest common divisor of 98208798 and 1752?
438
Calculate the greatest common factor of 1569 and 347067.
3
What is the highest common divisor of 3165759 and 7803?
9
What is the greatest common divisor of 1289290 and 30535?
155
Calculate the greatest common factor of 63 and 35929629.
9
Calculate the highest common factor of 376649 and 4121.
13
What is the highest common divisor of 7407858 and 80652?
282
Calculate the highest common divisor of 261 and 2403702.
9
What is the greatest common factor of 1022242074 and 3738?
3738
Calculate the highest common divisor of 17526 and 1260768.
138
What is the highest common factor of 37978 and 24667?
17
What is the highest common divisor of 2765781 and 4770?
9
Calculate the greatest common factor of 31 and 26446193.
31
What is the highest common factor of 1677 and 33626?
43
What is the highest common factor of 422181 and 10632?
3
Calculate the highest common divisor of 1815884 and 168.
28
Calculate the greatest common factor of 595 and 4557360.
85
Calculate the highest common divisor of 42 and 559862079.
21
Calculate the greatest common divisor of 132 and 953128.
44
What is the greatest common factor of 742450 and 50295?
2395
Calculate the greatest common divisor of 2521974 and 24087.
651
What is the greatest common factor of 44399664 and 1728?
432
Calculate the greatest common divisor of 42 and 84438942.
42
Calculate the highest common factor of 1103590 and 70.
10
Calculate the highest common divisor of 86147 and 6677639.
277
What is the highest common divisor of 1234565 and 145?
5
What is the highest common divisor of 1284 and 1955211?
321
What is the greatest common divisor of 5424 and 419908?
452
What is the greatest common divisor of 7032 and 13128?
24
What is the greatest common factor of 7693 and 1733280?
157
Calculate the highest common factor of 8196 and 417700944.
8196
Calculate the highest common factor of 1575 and 52045245.
315
Calculate the greatest common factor of 616734 and 3787884.
4374
Calculate the greatest common factor of 173089 and 11940376.
553
Calculate the highest common divisor of 837320267 and 23.
23
Calculate the greatest common factor of 3945 and 13847115.
15
Calculate the highest common divisor of 19809 and 33228.
639
What is the greatest common divisor of 2277144 and 480?
24
What is the greatest common divisor of 2321 and 9544163?
211
Calculate the greatest common divisor of 273 and 967941.
39
What is the highest common divisor of 94653762 and 27020?
2702
What is the greatest common divisor of 55475 and 2731589?
2219
Calculate the greatest common factor of 864 and 94068.
108
Calculate the highest common factor of 7895050 and 550.
50
What is the greatest common factor of 43 and 676217140?
43
What is the greatest common divisor of 7825625 and 38?
19
Calculate the greatest common factor of 166239 and 22707.
27
Calculate the greatest common factor of 7467 and 5351274.
57
Calculate the highest common divisor of 2150715 and 525.
105
What is the highest common divisor of 130083 and 254533?
131
Calculate the highest common factor of 5655 and 870522.
87
What is the highest common divisor of 273072035 and 1420?
355
Calculate the greatest common factor of 67494 and 112.
14
Calculate the highest common factor of 8451 and 4354143.
939
Calculate the highest common divisor of 376 and 639136.
8
What is the highest common factor of 535 and 9588912?
107
Calculate the highest common factor of 19640 and 55320.
40
Calculate the highest common divisor of 11853796 and 17689.
361
Calculate the highest common divisor of 46886 and 336673.
197
Calculate the highest common divisor of 1110630 and 915.
15
Calculate the greatest common divisor of 720 and 44606280.
120
Calculate the highest common factor of 238 and 1060043194.
238
Calculate the greatest common factor of 26 and 143560.
2
Calculate the highest common divisor of 27537 and 1644133301.
9179
Calculate the greatest common divisor of 2529 and 102113433.
2529
Calculate the greatest common divisor of 6456504 and 17328.
456
What is the highest common divisor of 313621 and 1001?
77
Calculate the highest common divisor of 128388879 and 4726.
2363
What is the highest common factor of 3963952 and 32?
16
What is the highest common factor of 411112 and 65136?
472
What is the highest common factor of 64 and 193698496?
64
What is the highest common factor of 3017 and 9076429?
431
What is the greatest common divisor of 59755472 and 5474?
322
Calculate the greatest common divisor of 64 and 3311456.
32
What is the highest common divisor of 5184 and 206912?
64
What is the highest common divisor of 1394372 and 228?
76
Calculate the highest common factor of 308 and 97169660.
28
What is the greatest common divisor of 5638 and 1076251915?
2819
What is the highest common divisor of 238 and 26222636?
34
What is the greatest common factor of 54166 and 718256?
742
Calculate the greatest common factor of 490 and 131191179.
49
What is the highest common factor of 20580 and 1028220?
60
What is the greatest common divisor of 30769 and 2214307?
1061
What is the greatest common divisor of 312559 and 9711?
13
Calculate the greatest common factor of 31 and 15656736.
31
What is the greatest common divisor of 9280656 and 528?
528
Calculate the greatest common divisor of 2982020 and 15560.
20
Calculate the highest common factor of 13360510 and 10375.
415
What is the greatest common factor of 156 and 20886756?
12
What is the highest common factor of 140941 and 4813789?
1453
What is the greatest common divisor of 8492 and 64963414?
386
Calculate the greatest common factor of 628 and 1102437044.
628
What is the highest common divisor of 723424 and 114959?
481
Calculate the greatest common divisor of 847 and 869638.
77
What is the greatest com